-8)/(-12)?
2
Suppose -13*f + 9*f = 396. Let o = -35 - f. What is the units digit of o?
4
Suppose 0 = 2*q + 2*k - 2352, 3*q - 1188 = 4*k + 2347. What is the thousands digit of q?
1
Suppose -2*u + 96 = 2*u. Suppose -u = -2*q + 4*w, 0*w = -5*q - 2*w. What is the tens digit of q/(6/57)*3?
5
Let w(y) = -y**3 + y**2 + 2*y + 1. Let m be w(2). Let x be 37 - (3 - (m + -1)). Let c = 57 - x. What is the units digit of c?
3
Suppose -7*a = -3*t - 2*a + 65, -4*t + 4*a = -100. Suppose -33*l + 144 = -t*l. What is the tens digit of l?
4
Suppose -2216 = -2*m - 6*m. What is the tens digit of m?
7
Let v(c) = -c**3 - 2*c**2 + 6*c - 2. Let h be v(-4). Suppose -8*y + 180 = 2*g - h*y, -1 = y. What is the units digit of g?
1
Let j = -1616 - -2367. What is the tens digit of j?
5
Let c(m) be the third derivative of 3*m**5/20 - 3*m**4/4 - m**3/2 - 3*m**2. What is the hundreds digit of c(-5)?
3
Let k = 518 + 241. What is the units digit of k?
9
Let d(t) = -107*t + 8. Suppose -4*a + c - 2 = -0*c, -4 = 2*c. What is the tens digit of d(a)?
1
Suppose 0 = -t - 3*d + 15, -2*t + 6 + 16 = 4*d. Suppose 4*p - 465 = -3*x, -3*p - 2*p + 588 = -t*x. What is the units digit of p?
7
Let p be 24/14 + -2 + 590/7. Let v = -74 + p. What is the tens digit of v?
1
Suppose -11*s + 12*s = 3. Suppose 3*a = -s + 9. Suppose -2*c - a*c = -124. What is the tens digit of c?
3
Let r = 3 + 0. Suppose -2*n + 0*g + 16 = -r*g, -2*n = -g - 8. Suppose -n*z + 51 = z. What is the units digit of z?
7
Let q = 18 + -15. Suppose 0*k - 111 = -q*k. Let u = k + -13. What is the tens digit of u?
2
What is the tens digit of 519/((21/14 - 3)/(-8))?
6
What is the thousands digit of ((-12)/20)/((-10)/55900)?
3
Suppose -15 + 337 = 7*u. Let b = u - -32. What is the units digit of b?
8
Suppose -5*k + 5 = -3*u - 2*u, -9 = -4*k + 3*u. Let a(o) be the second derivative of -o**3/6 + 11*o**2/2 - 8*o + 2. What is the units digit of a(k)?
5
What is the thousands digit of 2*(12/(-24) + (-4 - -1440))?
2
Let z be (-4 + (-52)/(-12))*54. Suppose 0 = -z*l + 13*l + 300. Suppose 0 = -4*h + 5*k + 61, 0 = h + 4*h - 3*k - l. What is the units digit of h?
9
Let r(m) = 8*m - 20. Let f be r(-7). Let k = -25 - f. What is the units digit of k?
1
Let f = -53 + 53. Suppose f = q + 5*s - 30, -q - s = 2*s - 34. What is the tens digit of q?
4
Let v(g) = -g**3 - g + 253. What is the hundreds digit of v(0)?
2
What is the hundreds digit of 9/(-12) + (-4087)/(-4)?
0
Let a(d) = -4*d - 15. Let g be a(6). Let r = 116 + -42. Let m = r + g. What is the units digit of m?
5
Let g(t) = -t**3 + 4*t**2 - 4. Let v be g(3). Suppose -v*z + 448 = -192. What is the tens digit of z?
2
Let p(v) = 32*v + 330. What is the thousands digit of p(42)?
1
Suppose 14*m = 11*m - 12. What is the units digit of (14/m + -1)*-4?
8
Let p(f) = f**3 - 4*f**2 + 4*f - 1. Let a be p(4). Let x be (2/(-6))/(2/42). Let s = a - x. What is the tens digit of s?
2
Suppose j + 2*j + 465 = 0. What is the tens digit of (1 + 0)/((-780)/j - 5)?
3
Suppose 16*y - 285 = -45. Let h = 2 - 23. Let a = y - h. What is the units digit of a?
6
Let y(c) = -18*c + 39. Let p be y(9). Let q = p + 188. What is the units digit of q?
5
Suppose -m + 6*m - j - 9677 = 0, 5*j = m - 1945. What is the units digit of m?
5
Let u = 1461 + -815. What is the hundreds digit of u?
6
Suppose 14*f = 4*f + 12790. What is the tens digit of f?
7
Let j = -47 - -43. What is the units digit of (-4 - (-35)/20)*j?
9
Let q = 2258 - 1064. What is the units digit of q?
4
Let h be (6/(-4))/(21/112). Let q be (-22)/(-4) - (-4)/h. Let g(p) = 8*p - 4. What is the tens digit of g(q)?
3
Let h = -22 + 36. Let i(p) = p**2 - 13*p - 11. Let n be i(h). Suppose 40 = n*w - 74. What is the tens digit of w?
3
Let p = 7 + -5. Let f(u) = 12 + u - p*u + 3. What is the units digit of f(14)?
1
Suppose 1 = 2*r + 3, 4*s - r - 273 = 0. Suppose 2*f = -d + 3*d + s, -d - 186 = -5*f. What is the tens digit of f?
3
Suppose -6*f + 2*f = -8. Suppose -5*a - 2*o + 409 = 55, -f*o - 136 = -2*a. What is the units digit of a?
0
Suppose 2*p = 4*z - 2418, -4*p - 668 + 2487 = 3*z. What is the units digit of z?
5
Let a(q) = -q**3 - q**2 - q - 2. What is the tens digit of a(-3)?
1
Let j(y) = 3*y**2 + 3*y + 125. What is the hundreds digit of j(21)?
5
Let t(a) = 17*a - 19. Suppose 0 = -j + 6 + 4. What is the hundreds digit of t(j)?
1
Suppose 40815 = -528*c + 543*c. What is the units digit of c?
1
Let w = 470 + -322. Suppose 3*j = -j + w. What is the units digit of j?
7
Suppose 16 = 3*x + 3*i - 8*i, 5*x = -i + 8. Suppose 501 + 318 = -21*p. What is the tens digit of 4/(-24)*p*x?
1
Let l be 8/(-52) + 3024/52. Let i = 109 - l. What is the tens digit of i?
5
Suppose -3*z + 2949 = 5*n - 510, 0 = -5*z - n + 5765. What is the units digit of z?
3
Let d(t) = 4*t - 2. Suppose -2 = 3*f - 8. Let o be d(f). Suppose 2 = 2*k - o. What is the units digit of k?
4
What is the thousands digit of (4 - -3335 - -4) + 13 + -11?
3
Let z(f) = -5 + 4*f - 2*f + 8*f - 1. What is the units digit of z(2)?
4
Let s(n) = n**2 - 6*n + 2. Let w be s(6). Suppose w*i + 3*q - 23 = 16, -68 = -3*i + 5*q. Suppose -9 = b - i. What is the tens digit of b?
1
What is the tens digit of (-2)/(-13) + 7554/78?
9
Suppose 5*m = -3*t + 829, 0*t - 3*t - 3*m + 825 = 0. What is the units digit of t?
3
Let r(x) = -2*x + 50. Let q be r(25). Suppose q = 3*j + 9, 2*j = -5*w + w + 382. What is the units digit of w?
7
Let m(u) be the third derivative of 3*u**4/8 + u**3/3 - 10*u**2. What is the tens digit of m(7)?
6
Suppose 0 = 5*z + 3*y - 5914, -4*z + 0*z - 2*y + 4730 = 0. What is the hundreds digit of z?
1
What is the thousands digit of 2813*(8 + -14 + 7)?
2
Let u(g) = -g**3. Let w(o) = 7*o**3 - 5*o**2 - 1. Let p(i) = -6*u(i) - w(i). What is the tens digit of p(4)?
1
Let a = -1399 - -2979. What is the units digit of a?
0
Suppose -102*w = -108*w + 660. What is the tens digit of w?
1
Suppose -4*q - 14 = 178. What is the hundreds digit of ((-6)/27 + 127/(-36))*q?
1
What is the units digit of (-4784)/(-14) + (-42)/(-147)?
2
Let l(g) be the third derivative of g**6/120 + 7*g**5/60 + 7*g**4/24 - 3*g**2 - 7*g. Suppose -4*v + 15 = -7*v. What is the units digit of l(v)?
5
Let f(q) = 5*q + 61. Let j(k) = 8*k + 91. Let n(o) = 7*f(o) - 5*j(o). What is the tens digit of n(-8)?
1
Let g(t) = 4*t**2 + 4*t + 2. Let z(l) = -l**2 + 10*l - 11. Let i = -23 + 32. Let b be z(i). What is the tens digit of g(b)?
1
Suppose 5*u = -4*d + 348, -2*d - 219 = -3*u - d. Suppose -4*s = -2*y + 180, -4*s = -3*s + 2*y + 40. Let z = u + s. What is the tens digit of z?
2
Suppose 2*a - 390 = -3*s - 0*s, 2*a - s = 398. What is the units digit of (4 - 5)*-3 + a?
1
Let t(o) = 71*o**2 - 30*o + 9. What is the hundreds digit of t(8)?
3
Suppose -2*k + 5 = -7. Let y(b) = -b**3 + 7*b**2 - 5*b - 3. Let n be y(k). Suppose n*r + 4*g = -1, 0 = 4*r + 5*g + 1 - 0. What is the units digit of r?
1
Suppose 3 = -3*w - 3, -3*w = 5*y - 5264. What is the units digit of y?
4
Let u(h) = 2*h**2 - h + 117. Suppose 0 = -3*a - 2*o - 2, 3 = o - 4*o. What is the units digit of u(a)?
7
Let f(c) = 2*c + 35. Let g be f(-15). Suppose 5*a = -3*w + 218, g*w + a - 285 = w. What is the tens digit of w?
7
Let a(r) = -15*r + 0*r + 5*r - 17*r - 4. Let t be a(-2). Let d = t - 27. What is the units digit of d?
3
Let u = -107 - -219. Suppose -4*g + 5*s = -469 - u, -3*g = -4*s - 436. What is the units digit of g?
4
Let r be -3*(2 + -3) + -1. Suppose -r*k = -4*k + 18. Suppose -k - 4 = -j. What is the units digit of j?
3
Let v(m) be the first derivative of -1/3*m**3 + 19*m - 8*m**2 - 1. What is the units digit of v(-14)?
7
Suppose -165 = -5*z - 55. Suppose -c - 3*b + z = -0*c, 2*b = -2*c + 40. What is the units digit of c?
9
Let i = 3019 - 1955. What is the hundreds digit of i?
0
Suppose -5*u + 23 + 26 = 3*h, -4*u + 47 = 5*h. Let w be ((-5)/(-10))/(2/(-64)). What is the units digit of (20 + w)*38/u?
9
Suppose -4*n - 111 + 588 = p, 2*p = 2*n + 994. What is the hundreds digit of p?
4
Suppose -50*p + 43*p + 3122 = 0. What is the tens digit of p?
4
Let j be (-2)/(-4)*-8 + 4. Suppose j = z + 5*z - 84. Let c = 22 + z. What is the units digit of c?
6
Let r be 1/6 - (-11608)/48. Suppose r = 3*z + 50. What is the units digit of z?
4
Let c = 1 - -4. Let d be ((-486)/(-24))/((-3)/(-8)). Suppose 78 = 3*k + 2*y - d, -k - c*y = -57. What is t